{"id":62,"date":"2011-04-12T13:06:50","date_gmt":"2011-04-12T11:06:50","guid":{"rendered":"http:\/\/dockteateramuse2.wordpress.com\/?page_id=62"},"modified":"2011-04-12T13:06:50","modified_gmt":"2011-04-12T11:06:50","slug":"kurser","status":"publish","type":"page","link":"https:\/\/wp.joakimdenstore.se\/?page_id=62","title":{"rendered":"KURSER"},"content":{"rendered":"<ul>\n<li style=\"text-align:left;\"><strong><\/strong><a href=\"http:\/\/dockteateramuse2.files.wordpress.com\/2011\/04\/ansc3b6kan-020.jpg\"><img loading=\"lazy\" class=\"size-medium wp-image-310 alignright\" title=\"Ans\u00f6kan 020\" src=\"http:\/\/dockteateramuse2.files.wordpress.com\/2011\/04\/ansc3b6kan-020.jpg?w=300\" alt=\"\" width=\"300\" height=\"199\" \/><\/a><strong>F\u00f6rskoledrama<\/strong><\/li>\n<li style=\"text-align:left;\"><strong>Kurser i dockspel och docktillverkning<\/strong><\/li>\n<li style=\"text-align:left;\"><strong>Kurser f\u00f6r alla \u00e5ldrar<\/strong><\/li>\n<\/ul>\n","protected":false},"excerpt":{"rendered":"<p>F\u00f6rskoledrama Kurser i dockspel och docktillverkning Kurser f\u00f6r alla \u00e5ldrar<\/p>\n","protected":false},"author":2,"featured_media":0,"parent":0,"menu_order":4,"comment_status":"closed","ping_status":"open","template":"","meta":[],"_links":{"self":[{"href":"https:\/\/wp.joakimdenstore.se\/index.php?rest_route=\/wp\/v2\/pages\/62"}],"collection":[{"href":"https:\/\/wp.joakimdenstore.se\/index.php?rest_route=\/wp\/v2\/pages"}],"about":[{"href":"https:\/\/wp.joakimdenstore.se\/index.php?rest_route=\/wp\/v2\/types\/page"}],"author":[{"embeddable":true,"href":"https:\/\/wp.joakimdenstore.se\/index.php?rest_route=\/wp\/v2\/users\/2"}],"replies":[{"embeddable":true,"href":"https:\/\/wp.joakimdenstore.se\/index.php?rest_route=%2Fwp%2Fv2%2Fcomments&post=62"}],"version-history":[{"count":0,"href":"https:\/\/wp.joakimdenstore.se\/index.php?rest_route=\/wp\/v2\/pages\/62\/revisions"}],"wp:attachment":[{"href":"https:\/\/wp.joakimdenstore.se\/index.php?rest_route=%2Fwp%2Fv2%2Fmedia&parent=62"}],"curies":[{"name":"wp","href":"https:\/\/api.w.org\/{rel}","templated":true}]}}